t is the highest common factor of n and 9?
9
Suppose 120 = 3*s - w + 5, -3*s + 4*w = -118. Calculate the highest common factor of s and 190.
38
Let u(y) = y + 2. Let o be u(8). Let l be 952/o + 3/(-15). What is the greatest common divisor of l and 19?
19
Let a(n) = n - 8. Let m be a(8). Suppose m = -y - 0 + 2. Let u be y/(-7) + 1098/21. Calculate the greatest common divisor of 13 and u.
13
Let f be (-13 - -175)/((-22)/(-8) + -2). What is the greatest common divisor of f and 27?
27
Let o be 5 + -3 + -2 + 15. What is the highest common divisor of o and 15?
15
Let k(y) = y**3 + 4*y**2 - 3*y - 2. Let o be k(-4). Let l(h) = -h**3 - 7*h**2 + 2*h + 2. Let u be l(-8). What is the highest common divisor of u and o?
10
Let t = 331 + -111. What is the greatest common divisor of 20 and t?
20
Let m be (1/3)/(1/9). Suppose -7*g + 480 = -m*g. Suppose -g = -4*c - 24. What is the highest common divisor of 8 and c?
8
Suppose u - 10 = -0. Calculate the highest common divisor of 30 and u.
10
Suppose -29 = 5*h + 3*l + 12, -3*l + 19 = -h. Let o = -6 - h. Suppose 0*j + 4 = -o*j, 2*u + j = 19. Calculate the highest common divisor of u and 110.
10
Suppose -12 - 12 = -o. Let c = o - 16. Let m = -2 + c. What is the greatest common divisor of m and 9?
3
Let g = -15 - -33. What is the highest common factor of 12 and g?
6
Suppose 0 = 2*i - 3*i - 2*v + 109, v - 107 = -i. Let h(z) = 2*z + 2*z - z - 1 - z. Let c be h(8). What is the highest common factor of i and c?
15
Let w(p) = -p**3 - 11*p**2 + 6*p - 3. Let j be w(-12). Let y be (1 - 23)/((-4)/18). Let a = y - j. Calculate the highest common divisor of a and 3.
3
Let x = 14 + -17. Let j be (-44)/(3 + (x - 2)). What is the highest common divisor of 198 and j?
22
Let f be 6/(-4)*1046/(-3). Suppose -3*i = -r - f, -5*r + 2*r = 5*i - 895. Let m = -21 + 37. What is the highest common divisor of i and m?
16
Let k = 144 - 84. What is the highest common factor of 30 and k?
30
Let j be (-3)/(0 + (1 - 2)). Suppose 2*c + 0*c = 4*x + 68, 0 = -5*c + j*x + 205. Calculate the highest common factor of 11 and c.
11
Suppose 0 = -5*t - 5*z + 20, -4*t + 9*t - 18 = -4*z. What is the highest common factor of 4 and t?
2
Let w = 302 - 207. Let k = 51 + -13. What is the greatest common divisor of k and w?
19
Let i = -34 + 79. Let m be 16/(-40)*i/(-1). Calculate the highest common factor of 6 and m.
6
Suppose 4*c + 5*f = 62 + 17, -73 = -4*c - 3*f. Let p = c - 7. What is the greatest common factor of p and 99?
9
Suppose 2*u - 156 = -4*v, 5*v + 2*u = -u + 195. Suppose -64 = -3*m - 5*h, -4*h - 12 = -32. Calculate the highest common factor of v and m.
13
Let d(t) = -t**2 + 7*t + 5. Let i be d(7). Suppose 1 = -0*j - 2*j - 5*w, -75 = -i*j + 3*w. Calculate the highest common divisor of 84 and j.
12
Suppose 46 = -5*n + 151. What is the highest common divisor of 3 and n?
3
Let r = -33 + 43. Calculate the greatest common factor of 30 and r.
10
Let r be 2/(-3) - 40/(-6). Let n be (-3)/(r/11)*-2. Let v be 1/(-2 - (-23)/n). Calculate the highest common factor of 11 and v.
11
Suppose 3*f - 47 = -f - 5*k, -2*k - 82 = -4*f. Calculate the highest common factor of f and 63.
9
Let k(v) = v + 7. Let j be k(-6). Calculate the highest common divisor of 11 and j.
1
Let z(l) be the third derivative of -l**5/60 + l**4/24 + 11*l**3/6 + 2*l**2. Let m be z(0). Suppose p - 2 = -p. What is the highest common factor of m and p?
1
Suppose -5*k + 2*k = -90. What is the highest common divisor of 12 and k?
6
Suppose 0 = -4*f + 16, -24 = -2*g - 2*f + 2. Let q = g + 1. What is the greatest common factor of q and 80?
10
Suppose -4*c - 4*x + x = -207, -x = -3*c + 165. Calculate the greatest common factor of c and 6.
6
Let q(b) = -b**2 - 6*b + 10. Let w be q(-7). Suppose 2*g - 4*i = -3*i + 174, w*i - 446 = -5*g. What is the greatest common divisor of 11 and g?
11
Let c(v) = v**2 + 6*v - 1. Let j be c(-8). Suppose -5*b - 40 = 2*s, -2*s - 12 = -b - b. Let x = s + j. What is the greatest common factor of x and 10?
5
Let q(n) = 2*n - 7. Let m be q(7). Suppose -o + 23 = m. Let j = 23 - o. Calculate the greatest common factor of j and 77.
7
Suppose 3*c - 16 = -4*d + 39, -d = -4*c + 67. Suppose -2*m + 136 = -m. What is the highest common divisor of c and m?
17
Suppose -k = 4*k - 100. Let f = 11 - k. Let w = f + 16. What is the greatest common divisor of 63 and w?
7
Let a = -61 + 127. Calculate the greatest common factor of 99 and a.
33
Suppose -3*o + 5*o = -3*p + 32, 3*o - 49 = -5*p. Calculate the greatest common factor of 39 and o.
13
Let p be (11 + -1)*(-84)/(-10). Suppose -3*u = u - p. What is the greatest common divisor of 189 and u?
21
Let m be (-2)/(-8) - (-1 - 546/24). Let w be 3/(-9) + 10/3. Suppose -116 = -2*t - f, 3*t - 93 = -w*f + 75. Calculate the highest common divisor of m and t.
12
Let w(n) = -n**2 - 6*n - 2. Let t be w(-5). Suppose t*i = 7 - 1. Suppose 0*d + 22 = i*d. What is the greatest common factor of 121 and d?
11
Let b be -3 - (-20)/(5 + -1). Suppose -4*o = 5*i + 13, 6*o + 5*i = 3*o - 16. What is the greatest common factor of o and b?
1
Suppose 2*n - 3*n + 3*w = -21, -4*w + 128 = 3*n. Calculate the highest common factor of 288 and n.
36
Suppose l = u + 17 + 76, -2*u + 87 = l. What is the greatest common divisor of l and 13?
13
Let p be ((-1)/2)/(1/(-2)). Let z = 18 + -7. What is the greatest common factor of p and z?
1
Let p be (-1 + 3 + -3)/1. Let q(l) = -3*l. Let t be q(p). Suppose -t*b + 1 = -5. Calculate the highest common divisor of b and 6.
2
Let f be 0 + (-6)/(-3)*1. Let w(c) = 18*c**2 - c. Let z be w(f). Let y = 14 + 14. Calculate the greatest common divisor of z and y.
14
Let i(q) = 9*q + q**3 - 10*q + 2 - 6*q**2 + 0*q**3. Let m be i(7). Let v be (-4)/(-14) - 75/(-7). Calculate the highest common factor of m and v.
11
Let t(k) = -5*k + 8. Let z be t(-11). Calculate the greatest common divisor of 9 and z.
9
Let k(p) = -p**2 + 7*p + 8. Suppose -3*w + 18 = -0*w. Let i be k(w). Calculate the greatest common divisor of 70 and i.
14
Suppose -6*q + 415 = -257. Calculate the highest common divisor of q and 7.
7
Let s(g) = g**3 + 8*g**2 + 2*g - 5. Let r be s(-6). Calculate the highest common factor of 22 and r.
11
Let k be -14*1*(-9 - -1). Suppose c + 210 = 16*c. What is the greatest common divisor of k and c?
14
Let n = -22 + 29. Calculate the highest common factor of 7 and n.
7
Let d(u) = 2*u - 4. Let n be d(17). What is the greatest common divisor of n and 6?
6
Suppose -3*f = -0*f - 6. Let u be (0/(-1))/(4/f). Suppose u*t + 5*t - 55 = 0. Calculate the greatest common divisor of t and 66.
11
Let s(d) = 2*d**3 - 3*d**2 + 2*d + 3. Let q be s(3). Let f(l) = 5*l**2 - 2*l + 1. Let y be f(1). What is the greatest common divisor of y and q?
4
Let g = -16 - -13. Let f be g/15 - (-993)/15. What is the highest common divisor of f and 6?
6
Let l(p) = -p + 9. Let t be l(6). Suppose 0 = o + 4*r - 74, o - 231 = -t*o - 3*r. Calculate the highest common factor of o and 27.
27
Let v(k) = k + 12. Suppose -30 = x + 2*x. Let o be v(x). Calculate the greatest common factor of 14 and o.
2
Let f = 7 + -4. Suppose 0 = -f*u + 5*s + 9, u - 3*s - 3 = -6*s. What is the greatest common factor of 12 and u?
3
Let x(r) = r**2 - 14*r + 18. Let n be x(12). Let h = 17 + n. What is the greatest common divisor of h and 121?
11
Let m(a) = 8*a**2 + a - 1. Let q = 0 + -2. Let v be ((-1)/q*-2)/(-1). Let n be m(v). Calculate the greatest common divisor of n and 12.
4
Let i(p) = -p**3 + 7*p**2 + p + 3. Suppose 0 = z - 5. Suppose z*q - 23 = 12. Let l be i(q). What is the greatest common factor of l and 20?
10
Let q = -82 - -181. What is the highest common divisor of q and 33?
33
Let k = 17 + 1. Calculate the greatest common factor of k and 36.
18
Suppose 2*w = 20 - 0. Let x be (-24)/9 + 6/9. Let d be x + 1*12*1. What is the greatest common factor of d and w?
10
Suppose 0 = -2*y + 2 + 34. Suppose 5*w + 3 - y = 0. Calculate the highest common factor of 2 and w.
1
Suppose 0 = -5*f + 141 + 19. Let w be (-570)/(-40) - (-1)/(-4). Suppose 0 = 5*v - w - 6. What is the greatest common factor of f and v?
4
Let s(a) = -a**3 + 6*a**2 - 10. Let n be s(5). What is the highest common factor of 135 and n?
15
Let y(d) be the first derivative of -d**3/3 - 3*d**2 - 5*d - 2. Let g be y(-5). Suppose g = -w + 6. Calculate the great